ist the prime factors of 1487359984.
2, 11, 367, 23027
List the prime factors of 7031609.
13, 127, 4259
List the prime factors of 530582432.
2, 71, 347, 673
List the prime factors of 430272280.
2, 5, 89, 120863
List the prime factors of 179318922.
2, 3, 19, 167, 9419
What are the prime factors of 104831383?
41, 197, 12979
What are the prime factors of 606219?
3, 397, 509
What are the prime factors of 505847923?
7, 67, 154081
List the prime factors of 681301886.
2, 19, 17928997
List the prime factors of 393570365.
5, 23, 1667, 2053
What are the prime factors of 23374051?
23374051
What are the prime factors of 3940762837?
11, 97, 3693311
List the prime factors of 230785997.
13, 61, 71, 4099
What are the prime factors of 4818863483?
7, 688409069
List the prime factors of 2044336235.
5, 2549, 160403
What are the prime factors of 851413930?
2, 5, 47, 1811519
What are the prime factors of 1294421928?
2, 3, 1847, 29201
What are the prime factors of 557816458?
2, 919, 303491
List the prime factors of 311572720.
2, 5, 23, 313, 541
What are the prime factors of 848076419?
19, 67, 666203
List the prime factors of 78305366.
2, 17, 1483, 1553
What are the prime factors of 1376913742?
2, 17, 41, 677, 1459
List the prime factors of 91617376.
2, 1223, 2341
List the prime factors of 316523037.
3, 881, 119759
What are the prime factors of 1686973545?
3, 5, 37488301
What are the prime factors of 525204214?
2, 262602107
List the prime factors of 25856876.
2, 23, 281053
List the prime factors of 14967198.
2, 3, 443, 1877
List the prime factors of 185739262.
2, 89, 1043479
List the prime factors of 266800877.
7, 5021, 7591
List the prime factors of 161424853.
161424853
What are the prime factors of 4049401791?
3, 1349800597
What are the prime factors of 117268848?
2, 3, 814367
What are the prime factors of 117896854?
2, 58948427
List the prime factors of 183411959.
19, 23, 53, 7919
List the prime factors of 947602649.
7, 135371807
List the prime factors of 6674729795.
5, 641, 2082599
What are the prime factors of 757874572?
2, 7, 13, 297439
List the prime factors of 367443469.
23, 97, 109, 1511
List the prime factors of 13257733.
13257733
List the prime factors of 2588692353.
3, 13, 66376727
What are the prime factors of 3305158697?
97, 2203, 15467
List the prime factors of 536083622.
2, 268041811
List the prime factors of 217360804.
2, 433, 125497
List the prime factors of 16133264.
2, 7, 283, 509
List the prime factors of 64087666.
2, 32043833
What are the prime factors of 38206703?
23, 1661161
What are the prime factors of 47521531?
2591, 18341
List the prime factors of 157355214.
2, 3, 26225869
List the prime factors of 8927458.
2, 4463729
What are the prime factors of 52867178?
2, 7, 13, 17, 2441
What are the prime factors of 60595944?
2, 3, 43, 71, 827
What are the prime factors of 377245970?
2, 5, 47, 802651
What are the prime factors of 1197838226?
2, 13, 1451, 31751
List the prime factors of 2716168186.
2, 43, 31583351
List the prime factors of 2784596937.
3, 1559, 595381
What are the prime factors of 712470865?
5, 5657, 25189
What are the prime factors of 8459435419?
79, 1097, 97613
What are the prime factors of 2383567842?
2, 3, 397261307
List the prime factors of 164557.
79, 2083
What are the prime factors of 48409078?
2, 71, 340909
List the prime factors of 46270391.
61, 109, 6959
List the prime factors of 1703487540.
2, 3, 5, 3079, 9221
List the prime factors of 72278254.
2, 17, 2125831
List the prime factors of 3984885403.
3984885403
What are the prime factors of 5727366?
2, 3, 59, 5393
What are the prime factors of 708109193?
11, 1901, 33863
List the prime factors of 2976724171.
53, 89, 127, 4969
What are the prime factors of 1631569410?
2, 3, 5, 18128549
List the prime factors of 754417920.
2, 3, 5, 223, 881
What are the prime factors of 4488666806?
2, 13, 29, 5953139
List the prime factors of 32599179.
3, 134153
List the prime factors of 2014086493.
2014086493
List the prime factors of 475943331.
3, 19, 29, 83, 3469
List the prime factors of 404518264.
2, 17, 1409, 2111
What are the prime factors of 135888018?
2, 3, 7, 853, 3793
List the prime factors of 1636160699.
17, 19, 1091, 4643
List the prime factors of 102327342.
2, 3, 13, 31, 101, 419
What are the prime factors of 50922376?
2, 29, 103, 2131
What are the prime factors of 2614532061?
3, 23, 37891769
What are the prime factors of 52246486?
2, 71, 139, 2647
What are the prime factors of 914321491?
914321491
List the prime factors of 595331360.
2, 5, 13, 79, 3623
List the prime factors of 1414537812.
2, 3, 23, 31, 55109
List the prime factors of 92533937.
92533937
What are the prime factors of 55684519?
11, 37, 41, 47, 71
What are the prime factors of 1487659218?
2, 3, 43, 5766121
What are the prime factors of 28950593?
7, 163, 25373
List the prime factors of 5834838094.
2, 2917419047
List the prime factors of 67452283.
67452283
What are the prime factors of 805068417?
3, 268356139
List the prime factors of 3273427537.
17, 1109, 173629
What are the prime factors of 3270126963?
3, 1090042321
List the prime factors of 9688377.
3, 379, 8521
List the prime factors of 303970382.
2, 277, 373, 1471
List the prime factors of 710572497.
3, 236857499
List the prime factors of 425871988.
2, 61, 277, 6301
What are the prime factors of 451600014?
2, 3, 463, 162563
What are the prime factors of 3784647244?
2, 7, 103, 127, 10333
What are the prime factors of 621171684?
2, 3, 7, 461, 5347
What are the prime factors of 2849742445?
5, 11, 51813499
List the prime factors of 9532015306.
2, 11, 61, 645713
List the prime factors of 19850462.
2, 1063, 9337
List the prime factors of 128108665.
5, 113, 226741
What are the prime factors of 314086807?
73, 601, 7159
List the prime factors of 60591900.
2, 3, 5, 201973
List the prime factors of 207172718.
2, 59, 1755701
List the prime factors of 287758333.
287758333
List the prime factors of 35711299.
13, 2747023
What are the prime factors of 2683349135?
5, 14779, 36313
What are the prime factors of 1954393963?
7129, 274147
What are the prime factors of 199075544?
2, 1907, 13049
List the prime factors of 2641579.
17, 155387
What are the prime factors of 5210661148?
2, 7, 11, 3719, 4549
What are the prime factors of 446151668?
2, 41, 53, 51329
List the prime factors of 3911510214.
2, 3, 2203, 98641
What are the prime factors of 592634032?
2, 37, 61, 16411
What are the prime factors of 719748438?
2, 3, 67, 1790419
What are the prime factors of 808339376?
2, 13, 79, 49193
List the prime factors of 64099514.
2, 32049757
What are the prime factors of 102735483?
3, 101, 409, 829
What are the prime factors of 840456475?
5, 59, 61, 9341
What are the prime factors of 143362183?
143362183
List the prime factors of 33737296.
2, 127, 16603
What are the prime factors of 1381867233?
3, 311, 709, 2089
List the prime factors of 411586.
2, 7, 29399
List the prime factors of 1751198716.
2, 437799679
List the prime factors of 4943980629.
3, 7, 78475883
What are the prime factors of 459253665?
3, 5, 13, 151, 1733
List the prime factors of 30864275.
5, 13, 23, 4129
List the prime factors of 3007131609.
3, 1002377203
What are the prime factors of 86111803?
53, 977, 1663
What are the prime factors of 1055069662?
2, 23, 503, 45599
What are the prime factors of 4758474333?
3, 1586158111
What are the prime factors of 893593870?
2, 5, 13, 6873799
What are the prime factors of 7834158277?
11, 712196207
List the prime factors of 2346736814.
2, 17, 2459, 28069
What are the prime factors of 37181626?
2, 18590813
What are the prime factors of 2332898911?
7, 333271273
What are the prime factors of 41798983?
41798983
What are the prime factors of 821662780?
2, 5, 41083139
List the prime factors of 78051171.
3, 11, 1777
List the prime factors of 80118656.
2, 625927
List the prime factors of 149734438.
2, 7, 97, 110261
What are the prime factors of 64325846?
2, 13, 2474071
What are the prime factors of 35497731?
3, 11832577
List the prime factors of 176021390.
2, 5, 17602139
List the prime factors of 41526577.
31, 1339567
What are the prime factors of 2048552858?
2, 11, 173, 631, 853
What are the prime factors of 7461950326?
2, 1451, 2571313
List the prime factors of 19795406.
2, 9897703
List the prime 